 145 (base 16) to base 6.
1301
Convert 1002101 (base 3) to base 5.
11133
What is 2214 (base 9) in base 11?
1255
-1111101111 (base 2) to base 16
-3ef
16351 (base 7) to base 15
1597
What is 141362 (base 7) in base 2?
110100101000001
Convert 931a (base 12) to base 9.
23854
What is 443 (base 7) in base 3?
22102
What is -1455 (base 8) in base 12?
-579
21252 (base 9) to base 5
422220
Convert c3e5 (base 15) to base 11.
29108
Convert 1dd3 (base 14) to base 4.
1111211
Convert ab0 (base 12) to base 2.
11000100100
-b6 (base 14) to base 15
-aa
Convert -11210 (base 3) to base 12.
-a9
What is -2400 (base 5) in base 12?
-252
What is 1025 (base 6) in base 7?
452
1338 (base 14) to base 7
12601
95 (base 15) to base 11
118
2316 (base 10) to base 2
100100001100
-7185 (base 10) to base 14
-2893
What is 5573 (base 10) in base 14?
2061
1010011011 (base 2) to base 13
3c4
What is 100000100000111 (base 2) in base 4?
10010013
104e (base 15) to base 14
1385
Convert -17936 (base 10) to base 11.
-12526
What is 220010 (base 3) in base 9?
803
Convert -443 (base 5) to base 4.
-1323
-2323332 (base 4) to base 6
-131410
Convert -768 (base 13) to base 15.
-599
Convert -2702 (base 11) to base 12.
-2047
What is -13726 (base 10) in base 14?
-5006
-11000110101 (base 2) to base 4
-120311
-1010001100101 (base 2) to base 16
-1465
What is -20046 (base 8) in base 2?
-10000000100110
Convert -102221022 (base 3) to base 5.
-234302
-736 (base 13) to base 5
-14403
What is -10001001010 (base 2) in base 9?
-1450
What is 200002 (base 4) in base 6?
13254
Convert 1063 (base 8) to base 6.
2335
-2052 (base 11) to base 12
-16a7
-17661 (base 8) to base 6
-101321
Convert 5664 (base 14) to base 16.
3a88
Convert -410 (base 11) to base 2.
-111101111
Convert 14210 (base 6) to base 10.
2238
Convert -404 (base 5) to base 7.
-206
What is 146 (base 7) in base 11?
76
-10001110110000001 (base 2) to base 3
-10201021000
-35c9 (base 13) to base 2
-1110110110001
Convert -e9 (base 16) to base 6.
-1025
-15a3 (base 13) to base 6
-22411
234024 (base 5) to base 12
4bbb
21100102 (base 3) to base 11
4030
778 (base 9) to base 4
21332
What is 68 (base 11) in base 3?
2202
What is -9795 (base 14) in base 2?
-110011001010111
What is 10133 (base 7) in base 11?
194a
Convert -314 (base 10) to base 4.
-10322
Convert -1100001100 (base 2) to base 12.
-550
-125 (base 15) to base 8
-404
What is -5452 (base 6) in base 3?
-1201112
-20233332 (base 4) to base 12
-188a6
What is -34030 (base 5) in base 16?
-956
What is 1330 (base 6) in base 15?
17c
3000 (base 5) to base 9
456
Convert -10211332 (base 4) to base 6.
-223034
What is 10214 (base 8) in base 2?
1000010001100
Convert 10143 (base 11) to base 12.
86a1
Convert -45a (base 12) to base 13.
-3a9
What is -1021020021 (base 3) in base 6?
-311311
Convert -112317 (base 9) to base 12.
-32b67
What is -11101111100 (base 2) in base 10?
-1916
Convert 59b5 (base 15) to base 13.
88ac
Convert -16ab (base 14) to base 8.
-7747
18162 (base 9) to base 16
30f2
What is -196 (base 10) in base 14?
-100
-104c2 (base 14) to base 8
-114712
-548 (base 11) to base 12
-469
What is -2001221 (base 3) in base 16?
-5e6
165451 (base 7) to base 16
8188
What is 10939 (base 11) in base 5?
1001042
What is 1141 (base 6) in base 14?
15b
6649 (base 12) to base 10
11289
Convert 54696 (base 10) to base 11.
38104
What is 9248 (base 13) in base 15?
5e9b
12002 (base 5) to base 2
1101101101
-61301 (base 8) to base 11
-17aa3
18ba (base 13) to base 4
321312
-5169 (base 16) to base 14
-7849
-1690 (base 16) to base 15
-1aa1
Convert -b52 (base 16) to base 15.
-cd3
What is 781 (base 11) in base 8?
1650
2011 (base 12) to base 14
139b
11122101 (base 3) to base 7
12604
Convert 111111101101111 (base 2) to base 15.
99ed
What is 1000000010010001 (base 2) in base 7?
164646
What is 41c8 (base 13) in base 3?
110111211
What is 77d (base 14) in base 8?
2713
What is -585 (base 10) in base 12?
-409
-1111101001111011 (base 2) to base 6
-1212511
Convert 4868 (base 11) to base 16.
18de
Convert -111 (base 16) to base 14.
-157
What is -3200003 (base 4) in base 13?
-66b0
1247 (base 10) to base 4
103133
-111 (base 8) to base 9
-81
Convert -1527 (base 11) to base 9.
-2623
18076 (base 10) to base 7
103462
Convert -4441001 (base 5) to base 7.
-442213
Convert -46624 (base 7) to base 13.
-55b1
426166 (base 7) to base 8
220711
Convert -422 (base 7) to base 2.
-11010100
Convert 45551 (base 8) to base 13.
8a30
What is -4213430 (base 5) in base 11?
-48544
Convert -1443 (base 8) to base 12.
-56b
10003 (base 4) to base 3
100121
What is -2014031 (base 5) in base 2?
-111111010000111
-1576 (base 9) to base 7
-3336
Convert 207 (base 10) to base 9.
250
What is -21122 (base 6) in base 2?
-101100101010
What is 4180 (base 11) in base 13?
2698
Convert 256 (base 11) to base 10.
303
22123310 (base 4) to base 2
1010011011110100
2189 (base 12) to base 16
e79
What is 110403 (base 6) in base 5?
243334
Convert 20122 (base 9) to base 11.
9a31
Convert 332303 (base 4) to base 9.
5455
Convert 204011 (base 5) to base 4.
1221210
What is 223 (base 8) in base 11?
124
Convert -114043 (base 7) to base 9.
-31241
Convert -38a1 (base 13) to base 10.
-8074
What is 1630 (base 11) in base 9?
2772
1112202 (base 3) to base 13
689
-300020 (base 5) to base 14
-35c5
786 (base 14) to base 5
21430
What is -13305 (base 9) in base 8?
-21444
1541 (base 8) to base 15
3ca
-39376 (base 11) to base 16
-dc1c
-71 (base 10) to base 12
-5b
314 (base 9) to base 10
256
What is 233 (base 12) in base 15?
16c
1513 (base 8) to base 12
5a3
What is -12222 (base 4) in base 2?
-110101010
1001110101101 (base 2) to base 5
130122
Convert 12720 (base 8) to base 15.
19c4
What is 53353 (base 7) in base 9?
20117
-23524 (base 6) to base 15
-1041
-525 (base 10) to base 2
-1000001101
Convert -26365 (base 7) to base 11.
-5333
-14296 (base 14) to base 13
-19949
-20300 (base 5) to base 8
-2455
9fb (base 16) to base 9
3448
-1131 (base 10) to base 15
-506
-2773 (base 16) to base 12
-5a17
What is 112022211 (base 3) in base 13?
49a5
What is -1222 (base 8) in base 13?
-3b8
45445 (base 6) to base 15
1d92
What is 220020 (base 3) in base 10?
654
What is -71a2 (base 15) in base 11?
-17040
What is -1091 (base 10) in base 16?
-443
-105516 (base 7) to base 2
-100100101011100
-14b9 (base 16) to base 13
-2551
What is 2013001 (base 5) in base 13?
118ab
What is -2ea (base 16) in base 2?
-1011101010
Convert -1024 (base 7) to base 16.
-169
Convert -30e (base 16) to base 13.
-482
Convert -1246 (base 9) to base 4.
-32211
-10c4 (base 13) to base 5
-33412
Convert -3601 (base 10) to base 6.
-24401
Convert -2b43 (base 12) to base 6.
-35323
Convert -7a0 (base 11) to base 8.
-1675
What is 18c (base 15) in base 6?
1353
1322 (base 4) to base 6
322
-4c62 (base 13) to base 6
-122240
-11542 (base 7) to base 5
-44034
What is -2743 (base 8) in base 4?
-113203
What is b7f (base 16) in base 15?
d13
Convert 3654 (base 8) to base 2.
11110101100
What is 4a9 (base 11) in base 16?
25b
Convert 1002323 (base 4) to base 16.
10bb
-47 (base 15) to base 10
-67
322 (base 12) to base 2
111001010
What is 1c3 (base 14) in base 11?
304
Convert 679 (base 12) to base 6.
4233
What is -ad (base 15) in base 9?
-201
-65111 (base 7) to base 6
-202522
1000110010111010 (base 2) to base 8
106272
What is -ba (base 12) in base 3?
-12021
21230 (base 5) to base 11
109a
What is 313 (base 14) in base 10?
605
1610 (base 7) to base 4
22010
1201222 (base 3) to base 5
20033
59 (base 13) to base 3
2202
What is 38b5 (base 16) in base 15?
447c
What is -102020 (base 3) in base 4?
-10233
-4a78 (base 11) to base 7
-25204
What is -40be (base 16) in base 8?
-40276
Convert -10011110100 (base 2) to base 13.
-767
Convert -511 (base 8) to base 16.
-149
What is 1bc (base 14) in base 16?
16a
a8 (base 13) to base 8
212
241660 (base 7) to base 11
2aa87
2352 (base 10) to base 7
6600
33 (base 11) to base 6
100
What is 505 (base 16) in base 11?
a69
Convert 1f83 (base 16) to base 9.
12053
-1360 (base 10) to base 5
-20420
843 (base 15) to base 10
1863
What is -26764 (base 8) in base 9?
-17121
What is -221 (base 14) in base 2?
-110100101
Convert -102202 (base 3) to base 15.
-162
What is 41a6 (base 13) in base 7?
35340
Convert -a731 (base 13) to base 3.
-1011211000
What is 726 (base 8) in base 6?
2102
Convert -5fa (base 16) to ba